reatest common factor of 24 and m?
12
Let y = 1082 + -328. What is the highest common divisor of 26 and y?
26
Suppose -4*x = w - 11, 16 = 4*w + 2*x - 0*x. Let k = 1048 + -1015. Calculate the highest common divisor of k and w.
3
Let f(j) = -j**2 - 2*j - 3. Let t = -15 - -13. Let l be f(t). Let m be 0 + l - (-29 + 11). What is the greatest common factor of 5 and m?
5
Let x = -1250 - -1262. What is the highest common divisor of x and 60?
12
Suppose -320*o - 4218 = -323*o. Calculate the greatest common divisor of o and 74.
74
Suppose -11*v = -13*v - 44. Let u(t) = -t**3 - 22*t**2 - 6*t + 8. Let k be u(v). What is the greatest common factor of 28 and k?
28
Let x(t) = -t**2 - 8*t + 6. Let h be x(-7). Suppose -10*p + 47 = -9*p + 4*i, i = p - 37. Calculate the highest common factor of p and h.
13
Suppose 12 = 2*g + g, 0 = -4*x + 3*g + 76. Calculate the highest common factor of 44 and x.
22
Let q = -11 - -9. Let l = -2 + q. Let x = 5 + l. What is the highest common divisor of x and 5?
1
Let h(u) = u**3 + 9*u**2 - 18*u - 68. Let q be h(-10). Calculate the highest common divisor of 12 and q.
12
Let r be 4 + (4 - 8 - -36). Calculate the highest common divisor of 528 and r.
12
Suppose 103 = 2*m - w, -7*w = 5*m - 6*w - 240. Calculate the greatest common divisor of m and 1.
1
Let p be (-7 - -3) + 111 - -1. Suppose -4*i - 28 = -2*l, -4*l + 4*i = -l - 42. Let w be (l + -5)*4/3. What is the highest common divisor of w and p?
12
Suppose 0 = 5*h - 5, 2*z - 3*z = h - 232. Calculate the greatest common divisor of 55 and z.
11
Suppose -j - 7 = -0*j - 2*c, -3*j = -2*c + 37. Let s be ((-3)/j*-2)/((-1)/35). What is the highest common factor of 21 and s?
7
Suppose -6*q = -2*q - 280. Let h be (-832)/(-60) + (-8)/(-60). Calculate the highest common divisor of q and h.
14
Suppose 0*n + 2*s - 64 = 5*n, 3*s = 2*n + 30. Let t be (n/7)/((-8)/28). Calculate the greatest common divisor of t and 48.
6
Let i(o) = 3*o**2 + 7*o + 21. Let q(g) = g**2 - 1. Let s(w) = i(w) - 2*q(w). Let n be s(-7). Calculate the highest common factor of n and 115.
23
Suppose 3*u + 32 + 23 = g, -2*u - 8 = 0. Calculate the greatest common divisor of g and 301.
43
Let j = 94 + -205. Let x = j - -174. Calculate the greatest common factor of x and 9.
9
Suppose 7*a + 304 = -46. Let c = a + 53. What is the greatest common divisor of 27 and c?
3
Let x(k) = 103*k + 7. Let w be x(1). Calculate the greatest common factor of w and 99.
11
Suppose 19*a = -6*a + 3300. What is the greatest common factor of a and 18?
6
Let c = 230 - 221. Suppose -42 = -10*o + c*o. Suppose -2*g + 47 = -9. What is the greatest common factor of o and g?
14
Suppose -2395 = -76*x + 4673. Calculate the highest common divisor of x and 186.
93
Let h = 142 - 102. Calculate the highest common divisor of 60 and h.
20
Let l(o) = o**3 - 23*o**2 + 44*o - 17. Let t be l(21). Suppose -225 = x - 3*x - 5*r, -4*x + 380 = -4*r. What is the greatest common factor of t and x?
25
Let g be ((47 - -3) + 1)*2. Calculate the greatest common factor of 51 and g.
51
Suppose -705*f - 420 = -719*f. What is the greatest common factor of f and 690?
30
Let z(r) = r**2 - 7*r + 5. Let q be z(2). Let v = 16 + q. What is the highest common factor of v and 99?
11
Suppose -u = -d - 73, 4*d + 11 + 9 = 0. Let b = 113 - u. What is the greatest common divisor of b and 9?
9
Let q = -249 - -281. What is the highest common factor of 32 and q?
32
Let b = -175 - -183. Calculate the greatest common divisor of 5 and b.
1
Suppose 5*d - d = -2*o + 822, o - 393 = 4*d. Calculate the highest common divisor of o and 45.
45
Suppose 5*w = 3*z + z - 140, -4*w - 106 = -3*z. Suppose -2*r + 7 + 23 = 0. What is the greatest common divisor of r and z?
15
Suppose -21 = -14*h + 7*h. Let w(f) = 13*f**2 + 2*f - 2. Let p be w(h). Calculate the highest common divisor of p and 11.
11
Suppose -4*w + d = -15, 4*w = -0*w + 4*d. Suppose 6*n - 20 = w*n. What is the greatest common divisor of n and 4?
4
Suppose s + 49 = 5*w, -4*w + 2*s + 23 = -21. Let d be 3/9 - 1*(-276)/w. Calculate the highest common factor of d and 310.
31
Suppose 4*f + 131 = 531. Let k(h) = h**3 + 13*h**2 - 34*h - 10. Let i be k(-15). What is the highest common factor of f and i?
50
Let q = -41 - -74. Let i = 58 - q. Suppose -5*d + 6 = 4*g - i, -2*g + 5 = -d. What is the greatest common divisor of d and 27?
3
Let y = 1 + 23. Suppose 5*u + y = 11*u. Suppose 2*l = c + 3*l - 4, -5*l + 12 = 4*c. Calculate the highest common divisor of c and u.
4
Suppose 3*x - 12 = 15. Suppose 7*b = 4*b + 648. Suppose -j + 4*j = b. What is the greatest common divisor of j and x?
9
Suppose 0 = -81*u + 82*u - 72. Calculate the greatest common divisor of 90 and u.
18
Suppose 2*j - 4*j + 6 = 0. Let q = 34 + -10. What is the greatest common divisor of q and j?
3
Let r(j) = j**2 - 9*j - 5. Let q be r(10). Suppose -m - q + 11 = 0. What is the greatest common divisor of 54 and m?
6
Let a(j) = 0*j**2 + 12 + j - 10*j + j**2 + 2*j. Let b be a(6). What is the highest common divisor of b and 9?
3
Let n be -33*(3 - 25/3). Suppose 4*z + 50 - 94 = 0. What is the highest common factor of n and z?
11
Let w = -737 + 1475. What is the highest common factor of w and 328?
82
Let r(b) be the first derivative of b**4/4 - 13*b**3/3 - 6*b**2 + 7*b - 7. Let n be r(14). Calculate the highest common divisor of 105 and n.
35
Let x(m) = 5*m**2 - 16*m - 8. Let s be x(4). What is the greatest common divisor of s and 356?
4
Let u(m) = -11 + 10 - 2*m + m. Let p be u(0). Let a be (p + 3)*5*4. What is the greatest common factor of 10 and a?
10
Suppose -80 = 27*y - 31*y. Calculate the highest common factor of y and 12.
4
Let u be ((-1190)/(-84))/(-5)*-66. What is the highest common divisor of u and 51?
17
Suppose 0 = 5*k - 415 + 30. Suppose -5*h = 2*r - 45, 5*r - 17 - 29 = -3*h. What is the highest common divisor of h and k?
7
Let m = 25 + -20. Suppose m = d - 10. Suppose -9*a = -10*a + d. Calculate the highest common divisor of a and 10.
5
Suppose 1 - 7 = 2*q. Let u = q + -4. Let r = u - -47. Calculate the highest common divisor of 20 and r.
20
Let q = -658 + 751. Calculate the greatest common divisor of 31 and q.
31
Suppose 0 = 3*r + z + 96, -3*r - 4*z + 55 = 160. Let v = -3 - r. What is the greatest common factor of 28 and v?
28
Suppose 61 = 6*j - 11. Let s be 15 - 0*(-4)/12. Calculate the highest common divisor of s and j.
3
Let k = 934 - 926. Let n be 141/27 + (-2)/9. Suppose d - n*s = 45, 14 + 21 = d + 5*s. What is the highest common factor of k and d?
8
Suppose 4*w + u + 230 = 0, -2*u - 54 = 2*w - w. Let r = w + 103. Calculate the greatest common divisor of 9 and r.
9
Let u = 10 + -13. Let h = u - -4. Let g be (11/h)/(2/4). What is the highest common factor of 33 and g?
11
Suppose -3*c + 11 = 2*p, 4*c - 5*p - 5 = 2. Suppose 36 = c*u - 117. What is the greatest common factor of u and 17?
17
Let j(l) = l**3 - 7*l**2 + 2*l + 6. Let o be j(7). Suppose -h + 3*h = o. Suppose 695 = 15*p - 55. What is the highest common factor of h and p?
10
Let r(b) = b**2 - 5*b - 4. Let m be r(-3). Let w = 4 - -62. Let p = -16 + w. Calculate the highest common divisor of m and p.
10
Suppose -64 = 2*i - 4*o, 0 = 3*i + 4*o + 132 + 4. Let n = 62 + i. What is the greatest common divisor of 55 and n?
11
Suppose 0 = -u - u + 6. Suppose 5*k - u*k - 82 = 0. Suppose 3*y + 2*v + 4 = -3*v, 3*y - 4*v = k. What is the highest common divisor of 7 and y?
7
Suppose 0 = u - 2*t + 7*t - 39, -222 = -4*u + 2*t. Calculate the greatest common factor of u and 135.
27
Suppose 0 = 14*o - 13*o - 516. Calculate the greatest common factor of o and 12.
12
Let d = -57 - -152. Suppose 55 = 2*m - d. Suppose 0*k + 35 = u + 3*k, -195 = -4*u - k. Calculate the highest common factor of m and u.
25
Suppose 10*q - 647 = 253. Calculate the greatest common divisor of q and 315.
45
Suppose 72*j - 633 = 69*j - 5*y, 0 = 2*j - y - 435. Calculate the greatest common factor of j and 324.
108
Suppose 2*o + 43 = 5*c, 32 = 4*c - o - 0. Let h be (0 - 3) + c + -2. Suppose 0*p + h = p. What is the highest common divisor of p and 16?
2
Let t = -442 + 457. Calculate the greatest common divisor of 60 and t.
15
Suppose 2*g = 32 - 88. Let v = g - -54. Suppose 0 = c - 3*c + v. Calculate the greatest common divisor of 39 and c.
13
Let p(u) = u**3 - 27*u**2 - 29*u + 61. 